s(u) = -401*u**2 + 12428*u + 95. Calculate s(31).
2
Let b(d) = -195*d + 3179. What is b(17)?
-136
Let h(x) = 406*x**2 + 6910*x + 19. Give h(-17).
-117
Let g(a) = -25832*a + 77787. Give g(3).
291
Let p(u) = -17387*u + 191301. Determine p(11).
44
Let p(i) = -3*i**3 + 4*i**2 + 2911*i - 8743. Determine p(3).
-55
Let k(i) = 1884*i - 224220. What is k(119)?
-24
Let g(t) = -124*t + 7142. Determine g(56).
198
Let g(w) = 240411*w - 240399. Give g(1).
12
Let m(s) = -s**3 + 58*s**2 + 344*s - 16. Determine m(-6).
224
Let l(m) = -15*m**3 - 54*m**2 - 164*m + 1. Calculate l(-3).
412
Let t(m) = -220*m + 586. Determine t(2).
146
Let o(l) = l**3 - 182*l**2 - 356*l - 2146. What is o(184)?
62
Let m(b) = -3810*b - 476248. Give m(-125).
2
Let u(k) = 324*k + 14497. Give u(-47).
-731
Let v(t) = -89*t**2 + 4719*t - 97. Calculate v(53).
9
Let u(w) = 26431*w - 158427. Determine u(6).
159
Let y(t) = -4*t**2 - 247*t - 1164. Determine y(-58).
-294
Let r(l) = -4*l**3 - 219*l**2 + 12*l - 2006. Give r(-55).
359
Let o(j) = 1921561*j + 17294045. Give o(-9).
-4
Let z(h) = 481*h - 69321. What is z(144)?
-57
Let p(y) = 266*y - 5122. Determine p(12).
-1930
Let d(k) = 12*k**2 - 34530*k + 7. What is d(0)?
7
Let b(u) = u**3 + 2908*u**2 + 31862*u - 54. What is b(-11)?
1
Let l(b) = -127131*b + 763420. Determine l(6).
634
Let m(k) = 23*k**2 - 492*k - 25895. Calculate m(46).
141
Let r(p) = p**3 - 19*p**2 + 65*p - 2280. Calculate r(18).
-1434
Let h(a) = -7*a**3 - 37*a**2 + 70*a + 2. Give h(3).
-310
Let d(y) = y**2 + 1729*y + 75727. Give d(-45).
-53
Let o(b) = 5*b**2 - 666*b + 2343. Give o(129).
-366
Let v(w) = -w**3 - 3638*w**2 + 14558*w + 23. Calculate v(4).
-17
Let z(n) = -n**3 - 57*n**2 + 33*n + 1690. Determine z(-56).
-3294
Let l(k) = k**3 + 235*k**2 - 11965*k - 3059. Determine l(-278).
-1
Let n(h) = -h**3 - 44*h**2 + 1166*h - 6211. Calculate n(9).
-10
Let v(x) = -x**3 + 14*x**2 + 277*x + 85. Give v(25).
135
Let d(z) = -92*z - 9029. Give d(-81).
-1577
Let k(q) = 29490*q - 235911. Calculate k(8).
9
Let u(c) = 54*c**2 - 495*c + 10. Determine u(11).
1099
Let t(a) = -1378*a + 6829. Determine t(5).
-61
Let m(l) = l**2 - 1807*l - 293564. Calculate m(-150).
-14
Let k(j) = -16*j**2 + 606*j - 493. Determine k(37).
25
Let y(j) = -63475*j - 1396463. Calculate y(-22).
-13
Let f(z) = -21*z**2 - 37*z + 1. Give f(0).
1
Let a(v) = v**2 + 27*v - 55671. What is a(-250)?
79
Let m(o) = 1073*o + 586813. Give m(-547).
-118
Let s(w) = w**3 + 35*w**2 + 284*w - 25. Give s(-12).
-121
Let c(b) = -506419*b - 1012814. Give c(-2).
24
Let v(a) = -4297*a + 309372. Give v(72).
-12
Let s(p) = -1153*p - 31103. Determine s(-27).
28
Let r(s) = 11*s**2 - 216*s - 6478. Calculate r(36).
2
Let i(k) = -k**2 - 6246*k - 87275. Calculate i(-14).
-27
Let l(j) = 11156*j - 312691. Give l(28).
-323
Let k(j) = 3*j**3 + 4*j**2 - 59*j + 425. Calculate k(8).
1745
Let i(n) = -n**3 - 5*n**2 + 2989*n + 1441. Calculate i(-57).
16
Let c(t) = -1797*t + 143762. Determine c(80).
2
Let j(y) = -8*y**3 + 155*y**2 - 68*y + 51. What is j(19)?
-158
Let t(b) = -20*b**2 + 56*b + 295. What is t(-6)?
-761
Let b(s) = -8531*s + 136464. What is b(16)?
-32
Let i(u) = -12*u**2 - 1211*u - 4. Determine i(0).
-4
Let b(m) = -1249*m + 2425. Give b(2).
-73
Let p(m) = 9*m**2 - 216*m - 549. Calculate p(27).
180
Let f(o) = o**3 + 6*o**2 + 1235*o + 10015. What is f(-8)?
7
Let j(z) = 80*z**2 + 13899*z - 3450. What is j(-174)?
204
Let n(d) = -261547*d + 1569307. Determine n(6).
25
Let q(u) = 4*u**3 - 177*u**2 + 78*u - 169. Calculate q(44).
1327
Let k(c) = -c**2 + 69*c - 1146. Determine k(38).
32
Let w(p) = 159*p + 42593. What is w(-247)?
3320
Let o(l) = -139*l**2 - 24*l + 19. Calculate o(-3).
-1160
Let o(m) = -44805*m + 18907698. What is o(422)?
-12
Let m(u) = 46*u + 1192. Give m(-9).
778
Let n(w) = 127*w**2 + 928*w + 7. What is n(-3)?
-1634
Let a(m) = -2*m**2 + 11550*m - 436005. Calculate a(38).
7
Let v(r) = r**3 + 17*r**2 - 14198*r + 1154. Determine v(-128).
-126
Let l(i) = 2*i**2 - 162*i + 1553. Calculate l(70).
13
Let x(o) = -3*o**3 + 40*o**2 + 185*o + 15. Determine x(17).
-19
Let m(h) = -h**3 - 23*h**2 - 138*h + 141. What is m(-16)?
557
Let a(v) = 3628*v + 638619. What is a(-176)?
91
Let d(q) = -219*q**2 + 356*q - 1067. What is d(3)?
-1970
Let b(l) = 2*l**3 - 152*l**2 - 6213*l - 3580. What is b(-29)?
-13
Let c(i) = 33*i**2 + 6914*i - 127060. Determine c(17).
15
Let g(p) = 277*p**2 - 15794*p - 97. What is g(57)?
-382
Let v(m) = 2447*m - 45968. Calculate v(17).
-4369
Let z(x) = x**2 - 311*x - 36085. Give z(-90).
5
Let q(p) = 2*p**3 - 106*p**2 + 116*p - 529. Determine q(52).
95
Let f(z) = z**3 + 62*z**2 + 337*z + 53. Calculate f(-56).
-3
Let w(v) = 955472*v + 4777361. Calculate w(-5).
1
Let h(w) = -w**3 - 208*w**2 + 428*w + 1675. Give h(-210).
-5
Let f(p) = 4*p**2 + 125*p - 49725. Calculate f(97).
36
Let o(r) = -10042*r + 64. Give o(0).
64
Let i(a) = -2150*a + 47302. Give i(22).
2
Let h(f) = 15508*f - 15514. What is h(1)?
-6
Let b(y) = -y**2 + 442*y + 14926. Give b(-32).
-242
Let n(d) = -10*d**2 + 18506*d - 92517. Calculate n(5).
-237
Let g(f) = 3550*f + 11557. Determine g(-3).
907
Let o(k) = 11*k**2 + 313*k + 246. Determine o(-27).
-186
Let z(c) = c**2 - 64963*c + 129930. What is z(2)?
8
Let n(u) = 1747*u**2 - 20961*u - 6. Give n(12).
30
Let j(w) = -7985*w + 39932. Calculate j(5).
7
Let h(r) = 19*r**2 + 2960*r - 12083. What is h(4)?
61
Let t(z) = -239*z**3 - 3*z**2 + z - 7. Determine t(-2).
1891
Let y(h) = -21*h**3 - 1240*h**2 - 64*h - 261. Give y(-59).
34
Let q(a) = 2*a**3 - 111*a**2 + 3378*a - 9194. Give q(3).
-5
Let y(f) = 66*f**3 + 100*f**2 + 193*f - 13. Calculate y(-2).
-527
Let w(d) = d**3 + 78*d**2 + 102*d + 102. Calculate w(-77).
-1823
Let h(a) = 4*a**2 - 819*a + 13454. Give h(18).
8
Let c(d) = -3*d**3 - 502*d**2 - 662*d + 435. Calculate c(-166).
103
Let x(z) = -1476*z - 974159. Determine x(-660).
1
Let y(n) = 92*n**2 + 6468*n + 1960. Determine y(-70).
0
Let f(c) = -c**3 + 45*c**2 - 28*c + 65. Calculate f(10).
3285
Let p(f) = 3970*f - 7507. Calculate p(2).
433
Let k(l) = -9385*l + 18761. Determine k(2).
-9
Let s(r) = r**3 - 7*r**2 + 130*r - 966. Give s(15).
2784
Let p(u) = 2*u**3 + 15*u**2 - 333*u - 2833. What is p(-10)?
-3
Let z(q) = q**3 - 122*q**2 - 86*q - 20090. Give z(124).
-2
Let z(i) = -7137*i - 171298. Determine z(-24).
-10
Let k(r) = r**2 - 425*r + 16278. What is k(41)?
534
Let j(s) = 2*s**3 + 410*s**2 + 3088*s + 62579. Give j(-198).
11
Let b(f) = 52*f**2 - 4537*f + 1087. Calculate b(87).
-44
Let c(x) = -121*x - 4155. Give c(-36).
201
Let s(r) = 38*r**2 - 230*r - 1580. Give s(-6).
1168
Let q(u) = u**2 - 84*u + 1171. Give q(17).
32
Let o(k) = 2*k**3 - 55*k**2 - 1550*k + 23. What is o(45)?
1148
Let m(z) = -z**3 + 214*z**2 - 7129*z + 1536. Calculate m(41).
60
Let t(z) = 665*z**2 - 5305*z - 118. Calculate t(8).
2
Let l(p) = -563*p - 4504. What is l(-8)?
0
Let k(w) = -227802*w + 1366806. Determine k(6).
-6
Let d(o) = 35*o**3 + 105*o**2 - 102*o - 304. Calculate d(-3).
2
Let v(l) = 25*l**2 + 87*l - 517. What is v(9)?
2291
Let s(a) = -a**3 + 185*a**2 + 179356*a - 3405. Calculate s(-341).
5
Let f(b) = -b**3 + 7*b**2 + 43*b - 379. Give f(8).
-99
Let b(m) = 2*m**3 - 10*m**2 - 63*m - 73. Give b(8).
-193
Let n(c) = 135*c - 3351. Calculate n(23).
-246
Let w(v) = -1132*v + 326175. Determine w(288).
159
Let c(v) = -592*v**2 - 1224*v - 7. Determine c(-2).
73
Let c(w) = w**3 - 31*w**2 - 77*w + 27. Calculate c(33).
-336
Let r(t) = -4*t**2 - 1264*t + 10402. What is r(8)?
34
Let x(q) = 51771*q + 258925. Calculate x(-5).
70
Let k(i) = i**3 - 3*i**2 + 563*i - 2342. Determine k(4).
-74
Let u(g) = -93*g + 938. Give u(16).
-550
Let p(v) = -13*v**2 + 49*v + 6. Calculate p(8).
-434
Let c(k) = -8900*k - 9014. Determine c(-1).
-114
Let d(f) = 11144*f + 105. Give d(0).
105
Let r(v) = 51*v**2 + 2578*v + 1403. Determine r(-50).
3
Let n(o) = 14*o**2 - 1218*o + 1136. Calculate n(86).
-68
Let u(j) = j**3 - 607*j**2 - 338*j - 3. Calculate u(0).
-3
Let f(z) = -63*z**2 - 764*z - 615. Give f(-11).
166
Let b(v) = v**2 + 2264*v - 139337. Determine b(60).
103
Let v(u) = 575*u + 13238. Give v(-23).
13
Let t(v) = 1383*v - 88150. Give t(64).
362
Let p(z) = 26836*z - 161339. Determine p(6).
-323
Let c(n) = -1032*n + 5989. Give c(6).
-203
Let t(v) = 569*v + 13889. Calculate t(-24).
233
Let x(z)